Let n = -5 + 4. Does 7 divide n*34*21/(-14)?
False
Let c = -34 + 172. Suppose c = 6*v - 72. Does 35 divide v?
True
Let q be (-28)/(-49) - 143/(-7). Suppose 0*a + 2*a + 5*g = 31, 3*g + q = a. Let p = a - 10. Is p even?
True
Let p = 1932 - 1320. Is p a multiple of 9?
True
Does 35 divide (-280)/(3 - 1)*(-174 - -164)?
True
Let m(r) = -54*r - 46 - 39*r + 34. Let n be m(-4). Suppose -5*k = u - n, 4*k - 216 = k + 5*u. Does 18 divide k?
True
Suppose -13*j + 7428 + 8406 = 0. Is j a multiple of 29?
True
Suppose j + 447 = -s + 6*s, 4*j = s - 78. Suppose -548 = -z - 539. Suppose 0 = -4*h + z*h - s. Is 18 a factor of h?
True
Suppose -40 = 3*r + 5*l, -2*l - 20 = -0*r + 2*r. Is 1188/30 - 2/r a multiple of 9?
False
Let m = 1574 - 920. Does 10 divide m?
False
Let z be (0 + (-3)/(-9))*(-2 + 221). Let k = z + -58. Is 3 a factor of k?
True
Suppose 0 = -4*g - 15*g + 7904. Is g a multiple of 32?
True
Let k = 11 - 6. Suppose -w + 16 = k*j, 3*w = -w + 5*j + 14. Is w*(-2)/(-3)*1 a multiple of 4?
True
Is (-1211)/(-42) + (-50)/60 a multiple of 2?
True
Let k = 9 + -10. Let g = 14 - k. Does 6 divide g?
False
Let k(s) = s**2 + 3*s + 2. Let d be k(-3). Suppose 200 = 6*n - d*n. Is n a multiple of 22?
False
Let s(d) = 2*d**2 + 14*d + 15. Let m be s(-6). Suppose -m*c + 445 = 2*c. Does 7 divide c?
False
Suppose 13*j + 6851 = 44*j. Is 3 a factor of j?
False
Let k(v) = v**2 + 16*v - 21. Let o be k(-18). Suppose -7*n - o + 190 = 0. Is n a multiple of 9?
False
Let d = -120 - -540. Is d a multiple of 12?
True
Let o(d) = 9*d**2 + 30*d + 152. Is o(-9) even?
False
Let w = -8 + 67. Is w a multiple of 7?
False
Let j = 381 - 117. Suppose 8*f - 14*f = -j. Is f a multiple of 44?
True
Let t(x) = x**2 + 3*x + 13. Let j be t(-8). Suppose -5*u = y - 1, 5*u - j = y - 4*y. Is y a multiple of 20?
False
Suppose 0 = -4*m + 682 + 950. Is m a multiple of 12?
True
Let n = -121 - -83. Suppose 3*k + 174 = 6*k. Let h = n + k. Is 13 a factor of h?
False
Let h = 232 + -55. Let j = h - 93. Is j a multiple of 6?
True
Does 25 divide (-230)/3*(-390)/52?
True
Suppose -z - 4*t = -366, -4*t - 366 = -z + t. Suppose 6*g + z = 9*g. Suppose 0 = -5*o - 4*y + g, 2*o - 3*y + y = 38. Is o a multiple of 11?
True
Suppose -768*d + 771*d - 6216 = 0. Does 56 divide d?
True
Let a be 175 + 0 - (6 + -7). Let l = a + -254. Let s = 3 - l. Is 27 a factor of s?
True
Suppose 0 = 3*z - 27*z + 13920. Does 76 divide z?
False
Let c = 397 - -33. Suppose 8*d - 1102 = -c. Does 14 divide d?
True
Suppose 0 = 6*x - 738 + 36. Does 13 divide x?
True
Let s(a) = 9 - 9*a + 19*a - 2 - 16*a + 15*a**2 + a**3. Is s(-15) a multiple of 11?
False
Let q = 83 + -89. Let l(y) = y**3 + 8*y**2 - y + 6. Does 12 divide l(q)?
True
Let q be -3 + 2 - (-8 + -2). Let n(s) = s**3 - 8*s**2 - 7*s - 2. Let r be n(q). Does 2 divide 1*(7 - r/4)?
False
Suppose -6 = -3*r - 0*r. Suppose -3*k + 5 = p - 40, 4*p - r*k = 236. Is p a multiple of 11?
False
Let v(b) = -b**2 - 5*b + 2. Let f be v(-5). Suppose -q = -4*g - 76, 2*q + f*g = -0*g + 182. Does 22 divide q?
True
Suppose -2*c + 30 = -0*c. Suppose 0 = -p + 4 - c. Does 11 divide (-36)/(-12)*p/(-3)?
True
Suppose -4*h = 4*b - 12, 2*h - b - 2 = 1. Let z(k) = 15*k**2. Does 6 divide z(h)?
True
Let u(j) = 35*j - 9. Let o be u(5). Let f = o + -113. Suppose 4*s + 38 = 2*l, 3*l + 0*s - 4*s - f = 0. Does 5 divide l?
True
Let z(v) = 2*v**3 - 3*v**2 - 5*v - 8. Does 13 divide z(4)?
True
Let y(k) = -8*k + 9. Is y(-20) a multiple of 7?
False
Is 88 a factor of (-80)/220 - 14/22 - -2465?
True
Suppose 2*x = u + 64, -2*u - 8 = -0. Suppose 69 + 1639 = 28*b. Suppose x = 2*k + 3*w - b, -k + 41 = 3*w. Is k a multiple of 25?
True
Suppose 7*i - 48 = 11*i. Let w = -3 + i. Is 6 a factor of (-174)/(-15) + (-6)/w?
True
Suppose -176 = 6*f - 10*f. Suppose 10*p = 12*p + f. Does 4 divide 22/121 + (-260)/p?
True
Let r be (-4)/10 - (-24)/10. Suppose -2*s - 2*g + 26 = -10, 4*g = -r*s + 32. Suppose 0 = 5*k + 5*w - s, 0 = -5*k - w + 4*w + 20. Is 4 a factor of k?
True
Let r = 58 + -72. Let g(k) be the third derivative of k**5/60 + 11*k**4/24 - 5*k**3/3 + 2*k**2. Is g(r) a multiple of 8?
True
Suppose z = 5*h + 28, 2*h - 52 = -5*z + 5*h. Let c be (-12)/z - (-30)/4. Suppose 3*x = 27 + c. Is x a multiple of 11?
True
Suppose -3*a + i + 8 = 0, -2*i - 3 - 3 = -a. Suppose -a*b = -b + 5*n + 7, 0 = 3*b - 5*n - 19. Suppose 4*u + 52 = c, 0*c - b*u = 2*c - 60. Is c a multiple of 18?
True
Let u be (-288)/(((-4)/13)/2). Suppose -s + u = 5*s. Does 24 divide s?
True
Is (-531)/(-295) - (-8471)/5 a multiple of 58?
False
Suppose 0 = -4*y + 10*x - 12*x + 4, 0 = -4*y + 3*x - 6. Let l be 894/4*(-4)/(-6). Suppose y = -4*b - 41 + l. Is 16 a factor of b?
False
Let q be -1 + 0 - (-103 - 2). Suppose 3*l + 18 = 3*m, -4*m + 2*l = -9*m + 37. Suppose -q = 3*h - m*h. Does 9 divide h?
False
Suppose -31209 = -52*x + 31191. Is x a multiple of 40?
True
Does 15 divide (7 + -133 + 6)*-4?
True
Let j(m) = -6*m + 51. Does 49 divide j(-16)?
True
Does 79 divide -24 - -25 - (2 - (-2 + 526))?
False
Let z(s) = -2*s**3 + 29*s**2 - 28*s + 12. Is z(13) a multiple of 31?
True
Suppose -8*n - 2064 = -9000. Is 83 a factor of n?
False
Is -8 + 259 - (11 - 7) a multiple of 19?
True
Suppose -255 = -7*s + 2*s. Let g(c) = -c**2 - 4*c - 8. Let v be g(-5). Let z = s + v. Is z a multiple of 7?
False
Let l be (-2)/((-3)/9*-2). Let s(u) = 17*u + 3. Let y be s(l). Let t = y + 80. Is 8 a factor of t?
True
Suppose 16*i = 18 + 62. Let s(o) be the first derivative of o**4/4 - 2*o**3 + 7*o**2/2 - 2*o + 1. Is s(i) a multiple of 4?
True
Let g = -47 - -143. Does 12 divide g?
True
Suppose 2*y - 11 + 5 = 0. Suppose -5*q + y = r - 21, 3*r + 3 = 0. Suppose 4*k - 147 = -3*m + 9*k, 2*m - 73 = -q*k. Does 16 divide m?
False
Let r(t) = -150*t**3 + 4*t**2 + 12*t + 18. Does 71 divide r(-2)?
False
Let j(r) = 5*r**2 + 7*r + 18. Is j(-4) a multiple of 6?
False
Suppose 0 = 9*z + 11 - 56. Suppose 0*l - 4*l + 454 = 5*w, 549 = z*l - 3*w. Suppose -2*q = 5*n - 249, 4*n - 3*q = 2*n + l. Is 17 a factor of n?
True
Let h = 22 - 6. Suppose -5*z - 13 = 3*f + 30, -3*z = -3*f - 3. Let t = h + f. Does 5 divide t?
True
Let l = 14 - 10. Is ((1 - 3)/l)/((-7)/168) a multiple of 2?
True
Let h = -2614 - -3769. Is 15 a factor of h?
True
Suppose 7*m = 3*m + 48. Let n(k) = 5*k + 25. Is n(m) a multiple of 17?
True
Suppose 0 = 4*t + 3*t - 490. Is t a multiple of 9?
False
Suppose 0*h - 7092 = -9*h. Is 38 a factor of h?
False
Let g(z) = z**3 + 13*z**2 - 14*z - 15. Let r be g(-14). Let f = 31 + r. Is f a multiple of 16?
True
Let y(j) = -6*j - 4. Let g be y(-1). Suppose g*r + 32 = 3*m - 0*r, -3*m - 4*r = -62. Is 7 a factor of m?
True
Let i(o) = 8*o**2 + 9*o + 16. Does 10 divide i(-4)?
False
Suppose -i = -4*j + 10, -5*j + 2 = -4*i - 5. Suppose -15 = -i*v + 105. Is v a multiple of 20?
True
Suppose 832 = 4*m - 4*l, 0 = 4*m + 3*m - 2*l - 1441. Does 4 divide m?
False
Let r be 9/(-18) + 1/2. Let s be (r - -2)/((-2)/1). Is ((-1)/3)/(s/291) a multiple of 19?
False
Let a = 83 + 73. Suppose 6*d - 486 = -a. Does 11 divide d?
True
Suppose 5*k + 3*d - 10 = 0, 3*k = 2*d - 3*d + 6. Suppose h = -5*f - 5, 2*h = h + k*f + 2. Suppose -14*u + 12*u + 32 = h. Does 8 divide u?
True
Let f be 2/(-12) - (-1986)/36. Suppose -3*r + b + f = 0, 7 + 13 = r - 2*b. Does 6 divide r?
True
Suppose 25*t - 21*t = 3084. Suppose 2*b + 309 = 2*n + b, -5*n + 4*b = -t. Is 24 a factor of n?
False
Let z(t) = 0*t + 73*t**2 - 367 + 369 - 2*t. Is 12 a factor of z(1)?
False
Let t(s) be the first derivative of -11*s - 2 + 7/2*s**2. Is 20 a factor of t(11)?
False
Let r be 6/(-3) - (2 - 8). Suppose d - 2*d = -2*y, -5*y + r*d = 0. Is 9 a factor of (y/(-4))/3 + 9?
True
Suppose 1 = n - q, -2*n + 1 + 0 = -q. Suppose 342 = -n*y + 6*y. Is y a multiple of 15?
False
Suppose 5*f - v + 2 = 22, 5*v = 2*f - 8. Is 4 a factor of f?
True
Suppose -3*z + 385 = -2*z. Is z a multiple of 55?
True
Does 18 divide ((-6)/(-1))/(832/819 - 1)?
True
Suppose -9*g + 1958 = -49. Is g a multiple of 13?
False
Suppose -d + 1704 = 3*y, -4*y - 68*d + 72*d + 2256 = 0. Does 3 divide y?
True
Suppose 2*g - 64 = 566. Suppose -3*u + 48 + g = 0. Is 11 a factor of u?
True
Suppose 0 = -5*s + 3*z + 7594, -4*s + 6*z + 6086 = 9*z. Does 43 divide s?
False
Suppose -47*y + 45*y + 244 = 0. Is 61 a factor of y?
True
Suppose 3*u + u + y = -76, -u = 5*y. Let q = 91 + u. Is 24 a fac